g).
5
Suppose 5*c - 2*j + 27 = 0, -8*c - 24 = -3*c + j. Let t be ((-3)/c)/(4/(-20)). Let l(u) = 3*u - u**2 + 2*u**2 - 2*u + 1. What is l(t)?
7
Let q(j) be the first derivative of -j**4/4 - 2*j**3 + j**2/2 + 8*j - 1. Let t = 183 + -147. Suppose -s + 7*s = -t. Calculate q(s).
2
Let s(n) = 3 - 7*n**2 + 10*n + 8*n**2 + 0. Let q be s(-10). Let z(a) = -2 - 6*a - 3 + a**q + 5*a**2 + 0*a**2. Determine z(-6).
-5
Let j be ((-22)/33)/(1/(-12)). Suppose -j*b - 10 = 6. Let p(c) = -c**3 - c**2 - 2*c - 2. Determine p(b).
6
Let w(b) = -2550*b - 5*b**2 - 5*b**3 + 2547*b + b**2. Determine w(-2).
30
Let t(v) = 13*v**2 - 7*v + 8. Let k be t(2). Let f = 39 - k. Let n(u) = u + 1. Determine n(f).
-6
Let b(w) = -50*w + 103*w - 54*w + 1. Let y = -2 + 5. Let o(u) = u**2 + u + 1. Let d(j) = y*b(j) - o(j). What is d(-5)?
-3
Let v(f) = -12 - 2*f**2 + 3*f**2 + 6*f + 10*f - 5*f - 4*f. Let l(j) = -j - 3. Let r be l(6). Calculate v(r).
6
Let f(z) = -2*z**2 - z - 1. Let m = -66 + 82. Suppose -m - 26 = 14*p. Calculate f(p).
-16
Let h(f) = -f**3 - 2*f**2 + 2*f + 2. Let a(y) = y**2 + 13*y + 5. Let t be a(-13). Suppose 0 = -n - 2*i - i - t, 0 = 5*n - 2*i + 8. What is h(n)?
-2
Let p(z) = -2*z**2 + z + 2. Let y(f) = 2*f**2 + 19*f - 8. Suppose -v - 17 = 2*r, -3*r - 42 = -6*v + 2*v. Let q be y(r). What is p(q)?
-4
Suppose -24*g - 9 = -15*g. Let b(z) = -8*z**2 - 3*z - 1. What is b(g)?
-6
Let w(q) = -84*q**2 + 188*q**2 - 112*q**2 + q**3 + 5*q - 13. Give w(7).
-27
Let c(v) = -v**2 - 5*v - 2. Suppose -3*r + 5*o = -125, -217 = -5*r - 0*r + 4*o. Let l be (-8)/12*r/10. Determine c(l).
4
Let o(m) be the first derivative of -m**4/4 - m**2/2 + m - 19. Let f(b) = -2*b**3 + 10*b**2 - 13*b + 13. Let z(d) = -f(d) + 3*o(d). Determine z(-11).
1
Let z = -1945/2 + 973. Let s(r) be the third derivative of 7*r**2 + 0*r + 0 - z*r**3 + 1/24*r**4. What is s(6)?
3
Let d(u) be the first derivative of u**4/4 - u**2/2 + 2*u + 48. Suppose 5*b - b = 0. Suppose -5*t + t = b. Calculate d(t).
2
Let s(f) = 10*f + 5 + 9 - 75*f**3 + 37*f**3 + 37*f**3 - 7*f**2 + 2. Determine s(-8).
0
Let z be (-6 + 4 - -3)*2. Suppose 6*s = 4*s - z. Let g(a) = 3 - 1 - 3 + 3*a**2. Give g(s).
2
Let g(n) = -n**2 - 1. Let r(v) = -6*v**2 - 3*v - 6. Let f(c) = 5*g(c) - r(c). Let l be f(0). Let s(o) = 7*o**2 - 2*o + 1. Give s(l).
6
Let d be (-2)/(-3)*-3*4. Let z(w) = w + 3. What is z(d)?
-5
Suppose -3*t + 5*s - s = -28, 0 = -4*t - 4*s + 28. Let u(d) = d**2 + 2*d - 12. Let w be u(4). Let g = t - w. Let z(v) = -v**2 - 7*v - 5. Calculate z(g).
7
Let i(h) be the second derivative of -h**4/4 - h**3/6 + h**2 - 12*h - 3. Calculate i(-2).
-8
Let r(o) = -4*o + 16. Let c be (1/(-9))/((-16)/360)*2. Determine r(c).
-4
Let z(b) = b**3 - b**2 + b - 1. Let l be -2*5/(-10)*6 - 4. Calculate z(l).
5
Let o(p) = -2*p**2 - 28*p + 7. Let b be o(-14). Let v(y) = -b + y**2 + 9 + 6*y - 7. Determine v(-6).
-5
Let p be 1 - (-2)/(-6)*0. Let z(c) = c**2 + 3*c - 2. Suppose 1 = -5*h - 9. Let m(x) = x**2 - x + 1. Let k(s) = h*m(s) - z(s). Calculate k(p).
-4
Let d(a) = -9*a**2 + a + 1. Suppose -7*g = -14*g - 665. Let v = 94 + g. Calculate d(v).
-9
Let h(b) be the second derivative of b**5/20 - b**4/4 - b**3/6 + 5*b**2/2 + 56*b. Give h(4).
17
Suppose -16 + 1 = -5*x. Suppose c + 8 = x. Let k(t) = -t**2 - 7*t - 2. Determine k(c).
8
Let f(t) be the second derivative of -t**3/6 + t**2 + t - 53. Let l = 5 + 0. Determine f(l).
-3
Suppose -10 = -5*h - 5*n, 2*h = 2*n - n + 10. Let o(v) = -v**2 + 5 - 19*v + 19*v - 9*v + 13*v. Calculate o(h).
5
Suppose -4*y - 3*y - 28 = 0. Let d(w) be the third derivative of 1/12*w**4 + 0 + 0*w + 1/15*w**5 - w**2 + 1/120*w**6 + w**3. Calculate d(y).
-2
Let z = -9/35 - -62/105. Let q(u) be the third derivative of 6*u**2 - 1/8*u**4 - 1/60*u**5 - z*u**3 + 0 + 0*u. What is q(-3)?
-2
Let n(t) = -t**3 - 4*t**2 + 3. Let b(z) be the third derivative of -z**4/12 + 13*z**3/6 + z**2. Suppose 0 = -7*u + 30 + 26. Let s be b(u). Determine n(s).
-6
Let k(j) be the third derivative of -j**5/60 + 19*j**3/3 + j**2. Let y be k(6). Let s(v) = -2*v**2 + v - 1 + 0 + 0*v**2. Calculate s(y).
-7
Suppose -y + 3*c = -17, 4*y + 2*c - 71 - 11 = 0. Suppose y = -21*q + 25*q. Let p(k) = k**3 - 4*k**2 - 7*k + 4. Calculate p(q).
-6
Let b(z) = z**3 + 8*z**2 + 6*z + 7. Let f be b(-7). Let c(x) = -2*x**3 - f*x - 14*x + x**2 + 3 + 25*x. Give c(2).
-15
Let k(n) = -n**3 - 5*n**2 - 3*n + 2. Let u be (-40)/(-90) - 31/9. Determine k(u).
-7
Let y(f) = f - 11*f + 10 + 8*f + 4*f. Give y(-8).
-6
Let n(l) = 2 + 192*l + 196*l - 387*l. Calculate n(4).
6
Let b(u) = 4*u**3 - u**2 + 1. Let g(x) = -2*x + 3. Let y(r) = 5*r - 5. Let h(s) = -9*g(s) - 4*y(s). Let v be h(-4). Give b(v).
4
Suppose -k - 4*u = -0*u - 19, 4*k = -3*u + 11. Let h(i) be the second derivative of -1/6*i**3 - 1/2*i**2 + 0 + 5*i + 1/12*i**4. What is h(k)?
1
Let k = 86 + -83. Suppose 0 = -5*p - k*z + 4*z - 47, 0 = z + 3. Let w(c) = -c**3 - 10*c**2 - 11. What is w(p)?
-11
Let y(w) = w**2 + 8*w + 8. Let a = 19 - -9. Let l be (-189)/a - 1/4. What is y(l)?
1
Let p(v) = v**2 + 13*v + 7. Let a(f) = f**2 - 5*f - 18. Let h be a(6). Give p(h).
-5
Let d(r) = 46*r - r**2 + 47 + 0*r**3 - 83*r + r**3 + 38*r. Calculate d(0).
47
Let i(m) = -6*m**3 - 2*m - 1. Suppose -5*x + 479 = 44. Let y = 86 - x. Calculate i(y).
7
Let t(u) = -5*u - 6. Let j be t(-4). Suppose 6*d - j = 4*d. Let m(z) = z - 10. Calculate m(d).
-3
Let i(b) = -b**2 + 2*b - 4. Let y(m) = -3*m**2 + 7*m - 11. Let g(n) = 10*n - 2. Suppose 8*f + 1 = 9*f. Let c be g(f). Let z(d) = c*i(d) - 3*y(d). What is z(5)?
1
Let a(v) = v**3 - 8*v**2 + 7*v - 4. Let p(j) = -j**2 - j + 1. Let d be p(3). Let n = d - -18. Calculate a(n).
-4
Let n(c) be the second derivative of c**4/12 + 7*c**3/6 - 4*c**2 - 2*c + 20. Let s(h) be the first derivative of n(h). Give s(-6).
-5
Suppose 2*n = -23*n - 75. Let r(z) = -11*z - 1. Determine r(n).
32
Suppose 2*k = -3*i + 7*k + 43, 4*k + 32 = 2*i. Let l be (-1)/(((-1)/(-18))/(3/i)). Let x(h) = -h**2 - 10*h - 8. What is x(l)?
1
Suppose 10*n + 27 = n. Let i(d) be the first derivative of -4 - 4*d - 1/2*d**2. Determine i(n).
-1
Suppose 10*f = 11*f + 1. Let p(g) = -29*g**2 - 5. Let v(b) = 6*b**2 + 1. Let z(j) = 2*p(j) + 11*v(j). What is z(f)?
9
Let r(u) = -u**2 + 6*u - 5. Let s be r(4). Suppose 0 = 3*b + s - 0. Let h(f) = 218 - 74 - 69 - 74 - 3*f. What is h(b)?
4
Let g(w) = -w - 11 - 677*w**3 + 3 - 4*w**2 + 678*w**3 + 3. Give g(5).
15
Let v(s) = 9*s - 16. Let n(b) = 3*b - 5. Let c(y) = -8*n(y) + 3*v(y). Let i(x) = x**3 - 6*x**2 - x + 9. Let j be i(6). Suppose 14 + 4 = j*p. Calculate c(p).
10
Let o(l) = 8 - 4*l**2 + 3*l**2 + 9*l - 14*l. Let n = 4 + -10. What is o(n)?
2
Let g(z) = -z - 4. Let l = -80 + 84. Suppose 4*m + l*r = 8, 3*r - r = m + 4. Calculate g(m).
-4
Let p(g) be the first derivative of -10*g**2 - 11*g - 42. Let m(s) = 7*s + 4. Let r(b) = -17*m(b) - 6*p(b). Calculate r(-3).
-5
Let o be (1 + (-10)/(-15))*1/5. Let w(n) be the first derivative of 2*n**2 - o*n**3 + 5*n + 6. Determine w(6).
-7
Suppose -4*q = -3 - 9, 60 = 3*i - q. Suppose 2*h - t - i = 0, -t + 0*t + 6 = h. Let w(b) = -b**3 + 8*b**2 + 10*b + 12. Calculate w(h).
21
Let g(y) = 3*y**2 - 22*y + 8. Let s be g(7). Let p(m) = s - 3*m**2 - 3*m + m**3 + 7*m**2 + 2*m + 2. Give p(-4).
7
Let b(l) = -l**3 + 2*l**2 + 2*l - 3. Let k = 9 - 9. Suppose -2*p = 2*c, -2*p - 4*c + 6 = -k*p. Let g = p - -5. Give b(g).
1
Let z(b) = 3*b**2 - 24*b + 10. Let t be z(7). Let u be (-136)/22 - ((-4)/t)/(-2). Let p(c) = c + 5. Calculate p(u).
-1
Let b be 1 + 1 - 4/(-2). Suppose -2 = b*l - 2*l. Let j(a) = -a - 2. Let c(g) = -20*g - 6. Let o(p) = -c(p) + 3*j(p). What is o(l)?
-17
Let d(a) = -a**3 - 4*a**2 + 2*a + 1. Let w(v) = v**2 + 4*v - 9. Let t be w(-6). Suppose t*f - 6 = 3*x, x + 8 = -2*x + 2*f. What is d(x)?
-7
Suppose 3*j - 2 - 1 = 5*v, 9 = v - 3*j. Let o(p) = 4*p + 6. What is o(v)?
-6
Let m(k) = 1. Let a(r) = -2*r + 5. Let v = 111 - 113. Let x(o) = v*m(o) + a(o). What is x(-4)?
11
Let i(v) = -2*v**3 - 35*v**2 + 19*v + 14. Let a be i(-18). Let f(k) = k + 13. Calculate f(a).
9
Let z(u) = 13 + 3*u - 5*u**2 + 7*u**2 - 41 + 25. Calculate z(3).
24
Suppose 0 = -5*k - 3*n + 26, 5 - 3 = n. Let t be (-1)/(-2)*4*2. Let y(b) = -12*b + t + 22*b - 11*b. What is y(k)?
0
Let d(a) be the second derivative of 1/2*a**2 - 1/6*a**3 + 0 + 1/4*a**4 - 12*a